{"id":8937,"date":"2025-06-23T18:07:02","date_gmt":"2025-06-23T16:07:02","guid":{"rendered":"https:\/\/mk-deinfotograf.at\/?page_id=8937"},"modified":"2025-06-23T20:10:59","modified_gmt":"2025-06-23T18:10:59","slug":"freie-trauung-gaertnerei-blumenkopf-in-frastanz","status":"publish","type":"page","link":"https:\/\/mk-deinfotograf.at\/?page_id=8937","title":{"rendered":"Freie Trauung G\u00e4rtnerei Blumenkopf in Frastanz"},"content":{"rendered":"<p>\u00a0<\/p>\n<p>\u00a0<\/p>\n<p>\u00a0<\/p>\n<p><script> const searchread_6859784cebb8a814d41cb0e1 = `Hochzeit Blumenkopf in Frastanz<br \/>\nMiriam & Hendrik<br \/>\nMiriam & Hendrik trauten sich im L\u00e4ndle, genauer beim Blumenkopf in Frastanz. Eine wundersch\u00f6ne Location, die G\u00e4rtnerei hat mehrere Gew\u00e4chsh\u00e4user und zwei davon werden auch f\u00fcr Hochzeiten in eine wundersch\u00f6ne und romantische Location verwandelt. Bei sch\u00f6nem Wetter kann die Trauung im Garten stattfinden oder bei Regen, wie eben bei Miriam & Hendrik, in einem kleinerem Gew\u00e4chshaus. Einfach nur wundersch\u00f6n! Die Stimmung bei der Party war sehr ausgelassen und der ganze Tag war volle liebevolle Details und romantischen Gesten. Die Eheversprechen waren ein besonderes Highlight, als Hendrik Miriam seine eigenen Worte nur zu fl\u00fcsterte.`;<\/script><script src='https:\/\/mkdeinfotograf.pic-time.com\/-miriamhendrik\/slideswebcomponentembed.js\/6859784cebb8a814d41cb0e1?features=lightbox,pinterest&#038;filtertags=' type='text\/javascript' data-pt-scriptslideshowid='6859784cebb8a814d41cb0e1'><\/script><\/p>\n\n\n<p><\/p>\n","protected":false},"excerpt":{"rendered":"<p>\u00a0 \u00a0 \u00a0<\/p>\n","protected":false},"author":2,"featured_media":0,"parent":0,"menu_order":0,"comment_status":"closed","ping_status":"closed","template":"","meta":{"footnotes":""},"class_list":["post-8937","page","type-page","status-publish","hentry"],"yoast_head":"<!-- This site is optimized with the Yoast SEO plugin v26.7 - https:\/\/yoast.com\/wordpress\/plugins\/seo\/ -->\n<title>Freie Trauung G\u00e4rtnerei Blumenkopf in Frastanz - MK - Hochzeitsfotografie<\/title>\n<meta name=\"robots\" content=\"index, follow, max-snippet:-1, max-image-preview:large, max-video-preview:-1\" \/>\n<link rel=\"canonical\" href=\"https:\/\/mk-deinfotograf.at\/?page_id=8937\" \/>\n<meta property=\"og:locale\" content=\"de_DE\" \/>\n<meta property=\"og:type\" content=\"article\" \/>\n<meta property=\"og:title\" content=\"Freie Trauung G\u00e4rtnerei Blumenkopf in Frastanz - MK - Hochzeitsfotografie\" \/>\n<meta property=\"og:description\" content=\"\u00a0 \u00a0 \u00a0\" \/>\n<meta property=\"og:url\" content=\"https:\/\/mk-deinfotograf.at\/?page_id=8937\" \/>\n<meta property=\"og:site_name\" content=\"MK - Hochzeitsfotografie\" \/>\n<meta property=\"article:modified_time\" content=\"2025-06-23T18:10:59+00:00\" \/>\n<meta name=\"twitter:card\" content=\"summary_large_image\" \/>\n<script type=\"application\/ld+json\" class=\"yoast-schema-graph\">{\"@context\":\"https:\/\/schema.org\",\"@graph\":[{\"@type\":\"WebPage\",\"@id\":\"https:\/\/mk-deinfotograf.at\/?page_id=8937\",\"url\":\"https:\/\/mk-deinfotograf.at\/?page_id=8937\",\"name\":\"Freie Trauung G\u00e4rtnerei Blumenkopf in Frastanz - MK - Hochzeitsfotografie\",\"isPartOf\":{\"@id\":\"https:\/\/mk-deinfotograf.at\/#website\"},\"datePublished\":\"2025-06-23T16:07:02+00:00\",\"dateModified\":\"2025-06-23T18:10:59+00:00\",\"breadcrumb\":{\"@id\":\"https:\/\/mk-deinfotograf.at\/?page_id=8937#breadcrumb\"},\"inLanguage\":\"de\",\"potentialAction\":[{\"@type\":\"ReadAction\",\"target\":[\"https:\/\/mk-deinfotograf.at\/?page_id=8937\"]}]},{\"@type\":\"BreadcrumbList\",\"@id\":\"https:\/\/mk-deinfotograf.at\/?page_id=8937#breadcrumb\",\"itemListElement\":[{\"@type\":\"ListItem\",\"position\":1,\"name\":\"Startseite\",\"item\":\"https:\/\/mk-deinfotograf.at\/\"},{\"@type\":\"ListItem\",\"position\":2,\"name\":\"Freie Trauung G\u00e4rtnerei Blumenkopf in Frastanz\"}]},{\"@type\":\"WebSite\",\"@id\":\"https:\/\/mk-deinfotograf.at\/#website\",\"url\":\"https:\/\/mk-deinfotograf.at\/\",\"name\":\"MK - Hochzeitsfotografie\",\"description\":\"by Martin Koch\",\"potentialAction\":[{\"@type\":\"SearchAction\",\"target\":{\"@type\":\"EntryPoint\",\"urlTemplate\":\"https:\/\/mk-deinfotograf.at\/?s={search_term_string}\"},\"query-input\":{\"@type\":\"PropertyValueSpecification\",\"valueRequired\":true,\"valueName\":\"search_term_string\"}}],\"inLanguage\":\"de\"}]}<\/script>\n<!-- \/ Yoast SEO plugin. -->","yoast_head_json":{"title":"Freie Trauung G\u00e4rtnerei Blumenkopf in Frastanz - MK - Hochzeitsfotografie","robots":{"index":"index","follow":"follow","max-snippet":"max-snippet:-1","max-image-preview":"max-image-preview:large","max-video-preview":"max-video-preview:-1"},"canonical":"https:\/\/mk-deinfotograf.at\/?page_id=8937","og_locale":"de_DE","og_type":"article","og_title":"Freie Trauung G\u00e4rtnerei Blumenkopf in Frastanz - MK - Hochzeitsfotografie","og_description":"\u00a0 \u00a0 \u00a0","og_url":"https:\/\/mk-deinfotograf.at\/?page_id=8937","og_site_name":"MK - Hochzeitsfotografie","article_modified_time":"2025-06-23T18:10:59+00:00","twitter_card":"summary_large_image","schema":{"@context":"https:\/\/schema.org","@graph":[{"@type":"WebPage","@id":"https:\/\/mk-deinfotograf.at\/?page_id=8937","url":"https:\/\/mk-deinfotograf.at\/?page_id=8937","name":"Freie Trauung G\u00e4rtnerei Blumenkopf in Frastanz - MK - Hochzeitsfotografie","isPartOf":{"@id":"https:\/\/mk-deinfotograf.at\/#website"},"datePublished":"2025-06-23T16:07:02+00:00","dateModified":"2025-06-23T18:10:59+00:00","breadcrumb":{"@id":"https:\/\/mk-deinfotograf.at\/?page_id=8937#breadcrumb"},"inLanguage":"de","potentialAction":[{"@type":"ReadAction","target":["https:\/\/mk-deinfotograf.at\/?page_id=8937"]}]},{"@type":"BreadcrumbList","@id":"https:\/\/mk-deinfotograf.at\/?page_id=8937#breadcrumb","itemListElement":[{"@type":"ListItem","position":1,"name":"Startseite","item":"https:\/\/mk-deinfotograf.at\/"},{"@type":"ListItem","position":2,"name":"Freie Trauung G\u00e4rtnerei Blumenkopf in Frastanz"}]},{"@type":"WebSite","@id":"https:\/\/mk-deinfotograf.at\/#website","url":"https:\/\/mk-deinfotograf.at\/","name":"MK - Hochzeitsfotografie","description":"by Martin Koch","potentialAction":[{"@type":"SearchAction","target":{"@type":"EntryPoint","urlTemplate":"https:\/\/mk-deinfotograf.at\/?s={search_term_string}"},"query-input":{"@type":"PropertyValueSpecification","valueRequired":true,"valueName":"search_term_string"}}],"inLanguage":"de"}]}},"jetpack-related-posts":[{"id":7018,"url":"https:\/\/mk-deinfotograf.at\/?page_id=7018","url_meta":{"origin":8937,"position":0},"title":"\u00dcber Mich","author":"martin","date":"22. September 2022","format":false,"excerpt":"Lerne deinen Fotografen kennen! Hallo! Mein Name ist Martin Koch und ich freue mich sehr, dass du hier bist!\u00a0Ich fotografiere schon, solange ich mich erinnern kann. Mir gef\u00e4llt daran, die Emotionen mit der Kamera festzuhalten und mit meinen Bildern kleine Geschichten zu erz\u00e4hlen. Sp\u00e4ter kann man sich dann diese Bilder\u2026","rel":"","context":"\u00c4hnlicher Beitrag","block_context":{"text":"\u00c4hnlicher Beitrag","link":""},"img":{"alt_text":"","src":"https:\/\/i0.wp.com\/mk-deinfotograf.at\/wp-content\/uploads\/2022\/09\/Party-650x1300.jpg?resize=350%2C200&ssl=1","width":350,"height":200,"srcset":"https:\/\/i0.wp.com\/mk-deinfotograf.at\/wp-content\/uploads\/2022\/09\/Party-650x1300.jpg?resize=350%2C200&ssl=1 1x, https:\/\/i0.wp.com\/mk-deinfotograf.at\/wp-content\/uploads\/2022\/09\/Party-650x1300.jpg?resize=525%2C300&ssl=1 1.5x"},"classes":[]},{"id":8861,"url":"https:\/\/mk-deinfotograf.at\/?page_id=8861","url_meta":{"origin":8937,"position":1},"title":"Hochzeitsfeier in Mils","author":"martin","date":"23. Juni 2025","format":false,"excerpt":"","rel":"","context":"\u00c4hnlicher Beitrag","block_context":{"text":"\u00c4hnlicher Beitrag","link":""},"img":{"alt_text":"","src":"","width":0,"height":0},"classes":[]},{"id":1975,"url":"https:\/\/mk-deinfotograf.at\/","url_meta":{"origin":8937,"position":2},"title":"Home","author":"martin","date":"17. Dezember 2019","format":false,"excerpt":"Jetzt anfragen Dein Hochzeitsfotograf aus Tirol","rel":"","context":"\u00c4hnlicher Beitrag","block_context":{"text":"\u00c4hnlicher Beitrag","link":""},"img":{"alt_text":"","src":"https:\/\/i0.wp.com\/mk-deinfotograf.at\/wp-content\/uploads\/2024\/10\/Trauung-115-scaled.jpg?fit=1200%2C800&ssl=1&resize=350%2C200","width":350,"height":200,"srcset":"https:\/\/i0.wp.com\/mk-deinfotograf.at\/wp-content\/uploads\/2024\/10\/Trauung-115-scaled.jpg?fit=1200%2C800&ssl=1&resize=350%2C200 1x, https:\/\/i0.wp.com\/mk-deinfotograf.at\/wp-content\/uploads\/2024\/10\/Trauung-115-scaled.jpg?fit=1200%2C800&ssl=1&resize=525%2C300 1.5x, https:\/\/i0.wp.com\/mk-deinfotograf.at\/wp-content\/uploads\/2024\/10\/Trauung-115-scaled.jpg?fit=1200%2C800&ssl=1&resize=700%2C400 2x, https:\/\/i0.wp.com\/mk-deinfotograf.at\/wp-content\/uploads\/2024\/10\/Trauung-115-scaled.jpg?fit=1200%2C800&ssl=1&resize=1050%2C600 3x"},"classes":[]},{"id":3,"url":"https:\/\/mk-deinfotograf.at\/?page_id=3","url_meta":{"origin":8937,"position":3},"title":"Datenschutzerkl\u00e4rung","author":"admin","date":"11. Februar 2022","format":false,"excerpt":"Datenschutzerkl\u00e4rung Informationspflicht laut \u00a75 E-Commerce Gesetz, \u00a714 Unternehmensgesetzbuch, \u00a763 Gewerbeordnung und Offenlegungspflicht laut \u00a725 Mediengesetz. Martin KochMag. J. Ausserhoferstrasse 2,6130 Schwaz,\u00d6sterreich Unternehmensgegenstand: Berufsfotograf E-Mail: info@mk-deinfotograf.at EU-Streitschlichtung Gem\u00e4\u00df Verordnung \u00fcber Online-Streitbeilegung in Verbraucherangelegenheiten (ODR-Verordnung) m\u00f6chten wir Sie \u00fcber die Online-Streitbeilegungsplattform (OS-Plattform) informieren.Verbraucher haben die M\u00f6glichkeit, Beschwerden an die Online Streitbeilegungsplattform der\u2026","rel":"","context":"\u00c4hnlicher Beitrag","block_context":{"text":"\u00c4hnlicher Beitrag","link":""},"img":{"alt_text":"","src":"https:\/\/i0.wp.com\/mk-deinfotograf.at\/wp-content\/uploads\/2022\/09\/Icon-e1664310638382.png?resize=350%2C200","width":350,"height":200},"classes":[]}],"jetpack_sharing_enabled":true,"_links":{"self":[{"href":"https:\/\/mk-deinfotograf.at\/index.php?rest_route=\/wp\/v2\/pages\/8937","targetHints":{"allow":["GET"]}}],"collection":[{"href":"https:\/\/mk-deinfotograf.at\/index.php?rest_route=\/wp\/v2\/pages"}],"about":[{"href":"https:\/\/mk-deinfotograf.at\/index.php?rest_route=\/wp\/v2\/types\/page"}],"author":[{"embeddable":true,"href":"https:\/\/mk-deinfotograf.at\/index.php?rest_route=\/wp\/v2\/users\/2"}],"replies":[{"embeddable":true,"href":"https:\/\/mk-deinfotograf.at\/index.php?rest_route=%2Fwp%2Fv2%2Fcomments&post=8937"}],"version-history":[{"count":2,"href":"https:\/\/mk-deinfotograf.at\/index.php?rest_route=\/wp\/v2\/pages\/8937\/revisions"}],"predecessor-version":[{"id":8941,"href":"https:\/\/mk-deinfotograf.at\/index.php?rest_route=\/wp\/v2\/pages\/8937\/revisions\/8941"}],"wp:attachment":[{"href":"https:\/\/mk-deinfotograf.at\/index.php?rest_route=%2Fwp%2Fv2%2Fmedia&parent=8937"}],"curies":[{"name":"wp","href":"https:\/\/api.w.org\/{rel}","templated":true}]}}

Freie Trauung Gärtnerei Blumenkopf in Frastanz

<p> </p>
<p> </p>
<p> </p>
<p><script> const searchread_6859784cebb8a814d41cb0e1 = `Hochzeit Blumenkopf in Frastanz<br />
Miriam & Hendrik<br />
Miriam & Hendrik trauten sich im Ländle, genauer beim Blumenkopf in Frastanz. Eine wunderschöne Location, die Gärtnerei hat mehrere Gewächshäuser und zwei davon werden auch für Hochzeiten in eine wunderschöne und romantische Location verwandelt. Bei schönem Wetter kann die Trauung im Garten stattfinden oder bei Regen, wie eben bei Miriam & Hendrik, in einem kleinerem Gewächshaus. Einfach nur wunderschön! Die Stimmung bei der Party war sehr ausgelassen und der ganze Tag war volle liebevolle Details und romantischen Gesten. Die Eheversprechen waren ein besonderes Highlight, als Hendrik Miriam seine eigenen Worte nur zu flüsterte.`;</script><script src='https://mkdeinfotograf.pic-time.com/-miriamhendrik/slideswebcomponentembed.js/6859784cebb8a814d41cb0e1?features=lightbox,pinterest&#038;filtertags=' type='text/javascript' data-pt-scriptslideshowid='6859784cebb8a814d41cb0e1'></script></p>


<p></p>

<!-- This site is optimized with the Yoast SEO plugin v26.7 - https://yoast.com/wordpress/plugins/seo/ -->
<title>Freie Trauung Gärtnerei Blumenkopf in Frastanz - MK - Hochzeitsfotografie</title>
<meta name="robots" content="index, follow, max-snippet:-1, max-image-preview:large, max-video-preview:-1" />
<link rel="canonical" href="https://mk-deinfotograf.at/?page_id=8937" />
<meta property="og:locale" content="de_DE" />
<meta property="og:type" content="article" />
<meta property="og:title" content="Freie Trauung Gärtnerei Blumenkopf in Frastanz - MK - Hochzeitsfotografie" />
<meta property="og:description" content="     " />
<meta property="og:url" content="https://mk-deinfotograf.at/?page_id=8937" />
<meta property="og:site_name" content="MK - Hochzeitsfotografie" />
<meta property="article:modified_time" content="2025-06-23T18:10:59+00:00" />
<meta name="twitter:card" content="summary_large_image" />
<script type="application/ld+json" class="yoast-schema-graph">{"@context":"https://schema.org","@graph":[{"@type":"WebPage","@id":"https://mk-deinfotograf.at/?page_id=8937","url":"https://mk-deinfotograf.at/?page_id=8937","name":"Freie Trauung Gärtnerei Blumenkopf in Frastanz - MK - Hochzeitsfotografie","isPartOf":{"@id":"https://mk-deinfotograf.at/#website"},"datePublished":"2025-06-23T16:07:02+00:00","dateModified":"2025-06-23T18:10:59+00:00","breadcrumb":{"@id":"https://mk-deinfotograf.at/?page_id=8937#breadcrumb"},"inLanguage":"de","potentialAction":[{"@type":"ReadAction","target":["https://mk-deinfotograf.at/?page_id=8937"]}]},{"@type":"BreadcrumbList","@id":"https://mk-deinfotograf.at/?page_id=8937#breadcrumb","itemListElement":[{"@type":"ListItem","position":1,"name":"Startseite","item":"https://mk-deinfotograf.at/"},{"@type":"ListItem","position":2,"name":"Freie Trauung Gärtnerei Blumenkopf in Frastanz"}]},{"@type":"WebSite","@id":"https://mk-deinfotograf.at/#website","url":"https://mk-deinfotograf.at/","name":"MK - Hochzeitsfotografie","description":"by Martin Koch","potentialAction":[{"@type":"SearchAction","target":{"@type":"EntryPoint","urlTemplate":"https://mk-deinfotograf.at/?s={search_term_string}"},"query-input":{"@type":"PropertyValueSpecification","valueRequired":true,"valueName":"search_term_string"}}],"inLanguage":"de"}]}</script>
<!-- / Yoast SEO plugin. -->

Freie Trauung Gärtnerei Blumenkopf in Frastanz - MK - Hochzeitsfotografie

Über Mich

Lerne deinen Fotografen kennen! Hallo! Mein Name ist Martin Koch und ich freue mich sehr, dass du hier bist! Ich fotografiere schon, solange ich mich erinnern kann. Mir gefällt daran, die Emotionen mit der Kamera festzuhalten und mit meinen Bildern kleine Geschichten zu erzählen. Später kann man sich dann diese Bilder…

Ähnlicher Beitrag

Datenschutzerklärung

Datenschutzerklärung Informationspflicht laut §5 E-Commerce Gesetz, §14 Unternehmensgesetzbuch, §63 Gewerbeordnung und Offenlegungspflicht laut §25 Mediengesetz. Martin KochMag. J. Ausserhoferstrasse 2,6130 Schwaz,Österreich Unternehmensgegenstand: Berufsfotograf E-Mail: info@mk-deinfotograf.at EU-Streitschlichtung Gemäß Verordnung über Online-Streitbeilegung in Verbraucherangelegenheiten (ODR-Verordnung) möchten wir Sie über die Online-Streitbeilegungsplattform (OS-Plattform) informieren.Verbraucher haben die Möglichkeit, Beschwerden an die Online Streitbeilegungsplattform der…
